{"id":23844,"date":"2015-04-14T10:13:09","date_gmt":"2015-04-14T10:13:09","guid":{"rendered":"http:\/\/xml-io.proteusthemes.com\/cargopress\/?page_id=6"},"modified":"2019-09-18T10:02:25","modified_gmt":"2019-09-18T13:02:25","slug":"inicio","status":"publish","type":"page","link":"https:\/\/cordisburgo.mg.gov.br\/patrimonio\/","title":{"rendered":"In\u00edcio"},"content":{"rendered":"<div id=\"pl-23844\"  class=\"panel-layout\" ><div id=\"pg-23844-0\"  class=\"panel-grid panel-no-style\" ><div id=\"pgc-23844-0-0\"  class=\"panel-grid-cell\" ><div id=\"panel-23844-0-0-0\" class=\"so-panel widget widget_text panel-first-child\" data-index=\"0\" >\t\t\t<div class=\"textwidget\"><\/div>\n\t\t<\/div><div id=\"panel-23844-0-0-1\" class=\"so-panel widget widget_black-studio-tinymce widget_black_studio_tinymce panel-last-child\" data-index=\"1\" ><div class=\"widget-title--big panel-widget-style panel-widget-style-for-23844-0-0-1\" ><h3 class=\"widget-title\"><span class=\"widget-title__inline\">PATRIM\u00d4NIO CULTURAL<\/span><\/h3><div class=\"textwidget\"><\/div><\/div><\/div><\/div><\/div><div id=\"pg-23844-1\"  class=\"panel-grid panel-no-style\" ><div id=\"pgc-23844-1-0\"  class=\"panel-grid-cell\" ><div id=\"panel-23844-1-0-0\" class=\"so-panel widget widget_pw_icon_box widget-icon-box panel-first-child\" data-index=\"2\" >\n\n\t\t<a class=\"icon-box\" href=\"https:\/\/cordisburgo.mg.gov.br\/patrimonio\/legislacao\/\" target=\"_self\">\n\n\t\t<i class=\"fa  fa-gavel\"><\/i>\n\t\t<h4 class=\"icon-box__title\">LEGISLA\u00c7\u00c3O<\/h4>\n\t\t<span class=\"icon-box__subtitle\">Leis, Decretos e Portarias<\/span>\n\n\t\t<\/a>\n\n<\/div><div id=\"panel-23844-1-0-1\" class=\"so-panel widget widget_pw_icon_box widget-icon-box panel-last-child\" data-index=\"3\" >\n\n\t\t<a class=\"icon-box\" href=\"https:\/\/cordisburgo.mg.gov.br\/patrimonio\/noticias\/\" target=\"_self\">\n\n\t\t<i class=\"fa  fa-newspaper-o\"><\/i>\n\t\t<h4 class=\"icon-box__title\">NOT\u00cdCIAS<\/h4>\n\t\t<span class=\"icon-box__subtitle\">Not\u00edcias sobre o patrim\u00f4nio cultural<\/span>\n\n\t\t<\/a>\n\n<\/div><\/div><div id=\"pgc-23844-1-1\"  class=\"panel-grid-cell\" ><div id=\"panel-23844-1-1-0\" class=\"so-panel widget widget_pw_icon_box widget-icon-box panel-first-child\" data-index=\"4\" >\n\n\t\t<a class=\"icon-box\" href=\"https:\/\/cordisburgo.mg.gov.br\/patrimonio\/atas\/\" target=\"_self\">\n\n\t\t<i class=\"fa  fa-file-text-o\"><\/i>\n\t\t<h4 class=\"icon-box__title\">ATAS<\/h4>\n\t\t<span class=\"icon-box__subtitle\">Publica\u00e7\u00e3o de atas<\/span>\n\n\t\t<\/a>\n\n<\/div><div id=\"panel-23844-1-1-1\" class=\"so-panel widget widget_pw_icon_box widget-icon-box panel-last-child\" data-index=\"5\" >\n\n\t\t<a class=\"icon-box\" href=\"https:\/\/cordisburgo.mg.gov.br\/patrimonio\/galeria-de-fotos\/\" target=\"_self\">\n\n\t\t<i class=\"fa  fa-picture-o\"><\/i>\n\t\t<h4 class=\"icon-box__title\">GALERIAS DE FOTOS<\/h4>\n\t\t<span class=\"icon-box__subtitle\">\u00c1lbuns de Fotos do Patrim\u00f4nio Cultural<\/span>\n\n\t\t<\/a>\n\n<\/div><\/div><div id=\"pgc-23844-1-2\"  class=\"panel-grid-cell\" ><div id=\"panel-23844-1-2-0\" class=\"so-panel widget widget_pw_icon_box widget-icon-box panel-first-child\" data-index=\"6\" >\n\n\t\t<a class=\"icon-box\" href=\"https:\/\/cordisburgo.mg.gov.br\/patrimonio\/relatorios\/\" target=\"_self\">\n\n\t\t<i class=\"fa  fa-align-left\"><\/i>\n\t\t<h4 class=\"icon-box__title\">RELAT\u00d3RIOS<\/h4>\n\t\t<span class=\"icon-box__subtitle\">Publica\u00e7\u00e3o de relat\u00f3rios<\/span>\n\n\t\t<\/a>\n\n<\/div><div id=\"panel-23844-1-2-1\" class=\"so-panel widget widget_pw_icon_box widget-icon-box panel-last-child\" data-index=\"7\" >\n\n\t\t<a class=\"icon-box\" href=\"https:\/\/cordisburgo.mg.gov.br\/patrimonio\/bens-inventariados\/cordisburgo\/\" target=\"_self\">\n\n\t\t<i class=\"fa  fa-university\"><\/i>\n\t\t<h4 class=\"icon-box__title\">BENS INVENTARIADOS<\/h4>\n\t\t<span class=\"icon-box__subtitle\">Lista de bens inventariados no munic\u00edpio<\/span>\n\n\t\t<\/a>\n\n<\/div><\/div><\/div><div id=\"pg-23844-2\"  class=\"panel-grid panel-no-style\" ><div id=\"pgc-23844-2-0\"  class=\"panel-grid-cell panel-grid-cell-empty panel-grid-cell-mobile-last\" ><\/div><div id=\"pgc-23844-2-1\"  class=\"panel-grid-cell panel-grid-cell-empty\" ><\/div><\/div><\/div>","protected":false},"excerpt":{"rendered":"<p>PATRIM\u00d4NIO CULTURAL LEGISLA\u00c7\u00c3O Leis, Decretos e Portarias NOT\u00cdCIAS Not\u00edcias sobre o patrim\u00f4nio cultural ATAS Publica\u00e7\u00e3o de atas GALERIAS DE FOTOS \u00c1lbuns de Fotos do Patrim\u00f4nio Cultural RELAT\u00d3RIOS Publica\u00e7\u00e3o de relat\u00f3rios BENS INVENTARIADOS Lista de bens inventariados no munic\u00edpio<\/p>\n","protected":false},"author":1,"featured_media":0,"parent":0,"menu_order":0,"comment_status":"closed","ping_status":"open","template":"template-front-page-slider.php","meta":{"_acf_changed":false,"footnotes":""},"class_list":["post-23844","page","type-page","status-publish","hentry"],"acf":[],"yoast_head":"<!-- This site is optimized with the Yoast SEO plugin v27.1.1 - https:\/\/yoast.com\/product\/yoast-seo-wordpress\/ -->\n<title>Patrim\u00f4nio Cultural - Prefeitura Municipal de Cordisburgo<\/title>\n<meta name=\"description\" content=\"Publica\u00e7\u00f5es do Conselho Municipal do Patrim\u00f4nio Cultural de Cordisburgo\" \/>\n<meta name=\"robots\" content=\"index, follow, max-snippet:-1, max-image-preview:large, max-video-preview:-1\" \/>\n<link rel=\"canonical\" href=\"https:\/\/cordisburgo.mg.gov.br\/patrimonio\/\" \/>\n<meta property=\"og:locale\" content=\"pt_BR\" \/>\n<meta property=\"og:type\" content=\"article\" \/>\n<meta property=\"og:title\" content=\"Patrim\u00f4nio Cultural - Prefeitura Municipal de Cordisburgo\" \/>\n<meta property=\"og:description\" content=\"Publica\u00e7\u00f5es do Conselho Municipal do Patrim\u00f4nio Cultural de Cordisburgo\" \/>\n<meta property=\"og:url\" content=\"https:\/\/cordisburgo.mg.gov.br\/patrimonio\/\" \/>\n<meta property=\"og:site_name\" content=\"Patrim\u00f4nio - Prefeitura Municipal de Cordisburgo\" \/>\n<meta property=\"article:modified_time\" content=\"2019-09-18T13:02:25+00:00\" \/>\n<meta name=\"twitter:card\" content=\"summary_large_image\" \/>\n<script type=\"application\/ld+json\" class=\"yoast-schema-graph\">{\"@context\":\"https:\/\/schema.org\",\"@graph\":[{\"@type\":\"WebPage\",\"@id\":\"https:\/\/cordisburgo.mg.gov.br\/patrimonio\/\",\"url\":\"https:\/\/cordisburgo.mg.gov.br\/patrimonio\/\",\"name\":\"Patrim\u00f4nio Cultural - Prefeitura Municipal de Cordisburgo\",\"isPartOf\":{\"@id\":\"https:\/\/cordisburgo.mg.gov.br\/patrimonio\/#website\"},\"datePublished\":\"2015-04-14T10:13:09+00:00\",\"dateModified\":\"2019-09-18T13:02:25+00:00\",\"description\":\"Publica\u00e7\u00f5es do Conselho Municipal do Patrim\u00f4nio Cultural de Cordisburgo\",\"breadcrumb\":{\"@id\":\"https:\/\/cordisburgo.mg.gov.br\/patrimonio\/#breadcrumb\"},\"inLanguage\":\"pt-BR\",\"potentialAction\":[{\"@type\":\"ReadAction\",\"target\":[\"https:\/\/cordisburgo.mg.gov.br\/patrimonio\/\"]}]},{\"@type\":\"BreadcrumbList\",\"@id\":\"https:\/\/cordisburgo.mg.gov.br\/patrimonio\/#breadcrumb\",\"itemListElement\":[{\"@type\":\"ListItem\",\"position\":1,\"name\":\"In\u00edcio\",\"item\":\"https:\/\/cordisburgo.mg.gov.br\/patrimonio\/\"},{\"@type\":\"ListItem\",\"position\":2,\"name\":\"In\u00edcio\"}]},{\"@type\":\"WebSite\",\"@id\":\"https:\/\/cordisburgo.mg.gov.br\/patrimonio\/#website\",\"url\":\"https:\/\/cordisburgo.mg.gov.br\/patrimonio\/\",\"name\":\"Patrim\u00f4nio - Prefeitura Municipal de Cordisburgo\",\"description\":\"Portal Institucional da Prefeitura Municipal de Cordisburgo\",\"potentialAction\":[{\"@type\":\"SearchAction\",\"target\":{\"@type\":\"EntryPoint\",\"urlTemplate\":\"https:\/\/cordisburgo.mg.gov.br\/patrimonio\/?s={search_term_string}\"},\"query-input\":{\"@type\":\"PropertyValueSpecification\",\"valueRequired\":true,\"valueName\":\"search_term_string\"}}],\"inLanguage\":\"pt-BR\"}]}<\/script>\n<!-- \/ Yoast SEO plugin. -->","yoast_head_json":{"title":"Patrim\u00f4nio Cultural - Prefeitura Municipal de Cordisburgo","description":"Publica\u00e7\u00f5es do Conselho Municipal do Patrim\u00f4nio Cultural de Cordisburgo","robots":{"index":"index","follow":"follow","max-snippet":"max-snippet:-1","max-image-preview":"max-image-preview:large","max-video-preview":"max-video-preview:-1"},"canonical":"https:\/\/cordisburgo.mg.gov.br\/patrimonio\/","og_locale":"pt_BR","og_type":"article","og_title":"Patrim\u00f4nio Cultural - Prefeitura Municipal de Cordisburgo","og_description":"Publica\u00e7\u00f5es do Conselho Municipal do Patrim\u00f4nio Cultural de Cordisburgo","og_url":"https:\/\/cordisburgo.mg.gov.br\/patrimonio\/","og_site_name":"Patrim\u00f4nio - Prefeitura Municipal de Cordisburgo","article_modified_time":"2019-09-18T13:02:25+00:00","twitter_card":"summary_large_image","schema":{"@context":"https:\/\/schema.org","@graph":[{"@type":"WebPage","@id":"https:\/\/cordisburgo.mg.gov.br\/patrimonio\/","url":"https:\/\/cordisburgo.mg.gov.br\/patrimonio\/","name":"Patrim\u00f4nio Cultural - Prefeitura Municipal de Cordisburgo","isPartOf":{"@id":"https:\/\/cordisburgo.mg.gov.br\/patrimonio\/#website"},"datePublished":"2015-04-14T10:13:09+00:00","dateModified":"2019-09-18T13:02:25+00:00","description":"Publica\u00e7\u00f5es do Conselho Municipal do Patrim\u00f4nio Cultural de Cordisburgo","breadcrumb":{"@id":"https:\/\/cordisburgo.mg.gov.br\/patrimonio\/#breadcrumb"},"inLanguage":"pt-BR","potentialAction":[{"@type":"ReadAction","target":["https:\/\/cordisburgo.mg.gov.br\/patrimonio\/"]}]},{"@type":"BreadcrumbList","@id":"https:\/\/cordisburgo.mg.gov.br\/patrimonio\/#breadcrumb","itemListElement":[{"@type":"ListItem","position":1,"name":"In\u00edcio","item":"https:\/\/cordisburgo.mg.gov.br\/patrimonio\/"},{"@type":"ListItem","position":2,"name":"In\u00edcio"}]},{"@type":"WebSite","@id":"https:\/\/cordisburgo.mg.gov.br\/patrimonio\/#website","url":"https:\/\/cordisburgo.mg.gov.br\/patrimonio\/","name":"Patrim\u00f4nio - Prefeitura Municipal de Cordisburgo","description":"Portal Institucional da Prefeitura Municipal de Cordisburgo","potentialAction":[{"@type":"SearchAction","target":{"@type":"EntryPoint","urlTemplate":"https:\/\/cordisburgo.mg.gov.br\/patrimonio\/?s={search_term_string}"},"query-input":{"@type":"PropertyValueSpecification","valueRequired":true,"valueName":"search_term_string"}}],"inLanguage":"pt-BR"}]}},"_links":{"self":[{"href":"https:\/\/cordisburgo.mg.gov.br\/patrimonio\/wp-json\/wp\/v2\/pages\/23844","targetHints":{"allow":["GET"]}}],"collection":[{"href":"https:\/\/cordisburgo.mg.gov.br\/patrimonio\/wp-json\/wp\/v2\/pages"}],"about":[{"href":"https:\/\/cordisburgo.mg.gov.br\/patrimonio\/wp-json\/wp\/v2\/types\/page"}],"author":[{"embeddable":true,"href":"https:\/\/cordisburgo.mg.gov.br\/patrimonio\/wp-json\/wp\/v2\/users\/1"}],"replies":[{"embeddable":true,"href":"https:\/\/cordisburgo.mg.gov.br\/patrimonio\/wp-json\/wp\/v2\/comments?post=23844"}],"version-history":[{"count":135,"href":"https:\/\/cordisburgo.mg.gov.br\/patrimonio\/wp-json\/wp\/v2\/pages\/23844\/revisions"}],"predecessor-version":[{"id":24831,"href":"https:\/\/cordisburgo.mg.gov.br\/patrimonio\/wp-json\/wp\/v2\/pages\/23844\/revisions\/24831"}],"wp:attachment":[{"href":"https:\/\/cordisburgo.mg.gov.br\/patrimonio\/wp-json\/wp\/v2\/media?parent=23844"}],"curies":[{"name":"wp","href":"https:\/\/api.w.org\/{rel}","templated":true}]}}