{"id":23844,"date":"2015-04-14T10:13:09","date_gmt":"2015-04-14T10:13:09","guid":{"rendered":"http:\/\/xml-io.proteusthemes.com\/cargopress\/?page_id=6"},"modified":"2020-11-04T10:29:38","modified_gmt":"2020-11-04T13:29:38","slug":"inicio","status":"publish","type":"page","link":"https:\/\/cordisburgo.mg.gov.br\/legislacao\/","title":{"rendered":"In\u00edcio"},"content":{"rendered":"<div id=\"pl-23844\"  class=\"panel-layout\" ><div id=\"pg-23844-0\"  class=\"panel-grid panel-no-style\" ><div id=\"pgc-23844-0-0\"  class=\"panel-grid-cell\" ><div id=\"panel-23844-0-0-0\" class=\"so-panel widget widget_text panel-first-child\" data-index=\"0\" >\t\t\t<div class=\"textwidget\"><\/div>\n\t\t<\/div><div id=\"panel-23844-0-0-1\" class=\"so-panel widget widget_black-studio-tinymce widget_black_studio_tinymce panel-last-child\" data-index=\"1\" ><div class=\"widget-title--big panel-widget-style panel-widget-style-for-23844-0-0-1\" ><h3 class=\"widget-title\"><span class=\"widget-title__inline\">LEGISLA\u00c7\u00c3O<\/span><\/h3><div class=\"textwidget\"><\/div><\/div><\/div><\/div><\/div><div id=\"pg-23844-1\"  class=\"panel-grid panel-no-style\" ><div id=\"pgc-23844-1-0\"  class=\"panel-grid-cell\" ><div id=\"panel-23844-1-0-0\" class=\"so-panel widget widget_pw_icon_box widget-icon-box panel-first-child\" data-index=\"2\" >\n\n\t\t<a class=\"icon-box\" href=\"http:\/\/cordisburgo.mg.gov.br\/legislacao\/category\/leis\/\" target=\"_self\">\n\n\t\t<i class=\"fa  fa-file-text\"><\/i>\n\t\t<h4 class=\"icon-box__title\">LEIS<\/h4>\n\t\t<span class=\"icon-box__subtitle\">Conjunto de normas sancionadas<\/span>\n\n\t\t<\/a>\n\n<\/div><div id=\"panel-23844-1-0-1\" class=\"so-panel widget widget_pw_icon_box widget-icon-box\" data-index=\"3\" >\n\n\t\t<a class=\"icon-box\" href=\"http:\/\/cordisburgo.mg.gov.br\/legislacao\/category\/lei-complementar\/\" target=\"_self\">\n\n\t\t<i class=\"fa  fa-file-pdf-o\"><\/i>\n\t\t<h4 class=\"icon-box__title\">LEIS COMPLEMENTARES<\/h4>\n\t\t<span class=\"icon-box__subtitle\">Conjunto de Leis Complementares<\/span>\n\n\t\t<\/a>\n\n<\/div><div id=\"panel-23844-1-0-2\" class=\"so-panel widget widget_pw_icon_box widget-icon-box panel-last-child\" data-index=\"4\" >\n\n\t\t<a class=\"icon-box\" href=\"https:\/\/cordisburgo.mg.gov.br\/legislacao\/editais\/\" target=\"_self\">\n\n\t\t<i class=\"fa  fa-exchange\"><\/i>\n\t\t<h4 class=\"icon-box__title\">EDITAIS<\/h4>\n\t\t<span class=\"icon-box__subtitle\">Atos com regras para concess\u00f5es<\/span>\n\n\t\t<\/a>\n\n<\/div><\/div><div id=\"pgc-23844-1-1\"  class=\"panel-grid-cell\" ><div id=\"panel-23844-1-1-0\" class=\"so-panel widget widget_pw_icon_box widget-icon-box panel-first-child\" data-index=\"5\" >\n\n\t\t<a class=\"icon-box\" href=\"http:\/\/cordisburgo.mg.gov.br\/legislacao\/category\/decretos\/\" target=\"_self\">\n\n\t\t<i class=\"fa  fa-file-text-o\"><\/i>\n\t\t<h4 class=\"icon-box__title\">DECRETOS<\/h4>\n\t\t<span class=\"icon-box__subtitle\">Atos individuais emanados pelo Executivo<\/span>\n\n\t\t<\/a>\n\n<\/div><div id=\"panel-23844-1-1-1\" class=\"so-panel widget widget_pw_icon_box widget-icon-box\" data-index=\"6\" >\n\n\t\t<a class=\"icon-box\" href=\"https:\/\/cordisburgo.mg.gov.br\/legislacao\/category\/processo-seletivo\/\" target=\"_self\">\n\n\t\t<i class=\"fa  fa-suitcase\"><\/i>\n\t\t<h4 class=\"icon-box__title\">PROCESSOS SELETIVOS<\/h4>\n\t\t<span class=\"icon-box__subtitle\">Editais de contrata\u00e7\u00e3o da Prefeitura de Cordisburgo<\/span>\n\n\t\t<\/a>\n\n<\/div><div id=\"panel-23844-1-1-2\" class=\"so-panel widget widget_pw_icon_box widget-icon-box panel-last-child\" data-index=\"7\" >\n\n\t\t<a class=\"icon-box\" href=\"http:\/\/cordisburgo.mg.gov.br\/legislacao\/category\/utilidades\/\" target=\"_self\">\n\n\t\t<i class=\"fa  fa-book\"><\/i>\n\t\t<h4 class=\"icon-box__title\">UTILIDADES<\/h4>\n\t\t<span class=\"icon-box__subtitle\">C\u00f3digos, Estatutos e Lei Org\u00e2nica<\/span>\n\n\t\t<\/a>\n\n<\/div><\/div><div id=\"pgc-23844-1-2\"  class=\"panel-grid-cell\" ><div id=\"panel-23844-1-2-0\" class=\"so-panel widget widget_pw_icon_box widget-icon-box panel-first-child\" data-index=\"8\" >\n\n\t\t<a class=\"icon-box\" href=\"http:\/\/cordisburgo.mg.gov.br\/legislacao\/category\/portarias\/\" target=\"_self\">\n\n\t\t<i class=\"fa  fa-file-o\"><\/i>\n\t\t<h4 class=\"icon-box__title\">PORTARIAS<\/h4>\n\t\t<span class=\"icon-box__subtitle\">Atos administrativos municipais<\/span>\n\n\t\t<\/a>\n\n<\/div><div id=\"panel-23844-1-2-1\" class=\"so-panel widget widget_pw_icon_box widget-icon-box\" data-index=\"9\" >\n\n\t\t<a class=\"icon-box\" href=\"https:\/\/cordisburgo.mg.gov.br\/legislacao\/category\/processos-administrativos\/\" target=\"_self\">\n\n\t\t<i class=\"fa  fa-gavel\"><\/i>\n\t\t<h4 class=\"icon-box__title\">PROCESSOS ADMINISTRATIVOS<\/h4>\n\t\t<span class=\"icon-box__subtitle\"> Tr\u00e2mites administrativos<\/span>\n\n\t\t<\/a>\n\n<\/div><div id=\"panel-23844-1-2-2\" class=\"so-panel widget widget_pw_icon_box widget-icon-box panel-last-child\" data-index=\"10\" >\n\n\t\t<a class=\"icon-box\" href=\"https:\/\/cordisburgo.mg.gov.br\/legislacao\/publicacoes\/\" target=\"_self\">\n\n\t\t<i class=\"fa  fa-archive\"><\/i>\n\t\t<h4 class=\"icon-box__title\">TODOS OS DOCUMENTOS<\/h4>\n\t\t<span class=\"icon-box__subtitle\">Acessar todas as publica\u00e7\u00f5es<\/span>\n\n\t\t<\/a>\n\n<\/div><\/div><\/div><\/div>","protected":false},"excerpt":{"rendered":"<p>LEGISLA\u00c7\u00c3O LEIS Conjunto de normas sancionadas LEIS COMPLEMENTARES Conjunto de Leis Complementares EDITAIS Atos com regras para concess\u00f5es DECRETOS Atos individuais emanados pelo Executivo PROCESSOS SELETIVOS Editais de contrata\u00e7\u00e3o da Prefeitura de Cordisburgo UTILIDADES C\u00f3digos, Estatutos e Lei Org\u00e2nica PORTARIAS Atos administrativos municipais PROCESSOS ADMINISTRATIVOS Tr\u00e2mites administrativos TODOS OS DOCUMENTOS Acessar todas as publica\u00e7\u00f5es<\/p>\n","protected":false},"author":1,"featured_media":0,"parent":0,"menu_order":0,"comment_status":"closed","ping_status":"open","template":"template-front-page-slider.php","meta":{"_acf_changed":false,"footnotes":""},"class_list":["post-23844","page","type-page","status-publish","hentry"],"acf":[],"yoast_head":"<!-- This site is optimized with the Yoast SEO plugin v27.1.1 - https:\/\/yoast.com\/product\/yoast-seo-wordpress\/ -->\n<title>Legisla\u00e7\u00e3o - Prefeitura Municipal de Cordisburgo<\/title>\n<meta name=\"description\" content=\"Publica\u00e7\u00f5es da legisla\u00e7\u00e3o municipal: Leis, Decretos, Portarias, Leis Complementares, Processos Seletivos, Processos Administrativos, entre outros.\" \/>\n<meta name=\"robots\" content=\"index, follow, max-snippet:-1, max-image-preview:large, max-video-preview:-1\" \/>\n<link rel=\"canonical\" href=\"https:\/\/cordisburgo.mg.gov.br\/legislacao\/\" \/>\n<meta property=\"og:locale\" content=\"pt_BR\" \/>\n<meta property=\"og:type\" content=\"article\" \/>\n<meta property=\"og:title\" content=\"Legisla\u00e7\u00e3o - Prefeitura Municipal de Cordisburgo\" \/>\n<meta property=\"og:description\" content=\"Publica\u00e7\u00f5es da legisla\u00e7\u00e3o municipal: Leis, Decretos, Portarias, Leis Complementares, Processos Seletivos, Processos Administrativos, entre outros.\" \/>\n<meta property=\"og:url\" content=\"https:\/\/cordisburgo.mg.gov.br\/legislacao\/\" \/>\n<meta property=\"og:site_name\" content=\"Legisla\u00e7\u00e3o - Prefeitura Municipal de Cordisburgo\" \/>\n<meta property=\"article:modified_time\" content=\"2020-11-04T13:29:38+00:00\" \/>\n<meta name=\"twitter:card\" content=\"summary_large_image\" \/>\n<script type=\"application\/ld+json\" class=\"yoast-schema-graph\">{\"@context\":\"https:\/\/schema.org\",\"@graph\":[{\"@type\":\"WebPage\",\"@id\":\"https:\/\/cordisburgo.mg.gov.br\/legislacao\/\",\"url\":\"https:\/\/cordisburgo.mg.gov.br\/legislacao\/\",\"name\":\"Legisla\u00e7\u00e3o - Prefeitura Municipal de Cordisburgo\",\"isPartOf\":{\"@id\":\"https:\/\/cordisburgo.mg.gov.br\/legislacao\/#website\"},\"datePublished\":\"2015-04-14T10:13:09+00:00\",\"dateModified\":\"2020-11-04T13:29:38+00:00\",\"description\":\"Publica\u00e7\u00f5es da legisla\u00e7\u00e3o municipal: Leis, Decretos, Portarias, Leis Complementares, Processos Seletivos, Processos Administrativos, entre outros.\",\"breadcrumb\":{\"@id\":\"https:\/\/cordisburgo.mg.gov.br\/legislacao\/#breadcrumb\"},\"inLanguage\":\"pt-BR\",\"potentialAction\":[{\"@type\":\"ReadAction\",\"target\":[\"https:\/\/cordisburgo.mg.gov.br\/legislacao\/\"]}]},{\"@type\":\"BreadcrumbList\",\"@id\":\"https:\/\/cordisburgo.mg.gov.br\/legislacao\/#breadcrumb\",\"itemListElement\":[{\"@type\":\"ListItem\",\"position\":1,\"name\":\"In\u00edcio\",\"item\":\"https:\/\/cordisburgo.mg.gov.br\/legislacao\/\"},{\"@type\":\"ListItem\",\"position\":2,\"name\":\"In\u00edcio\"}]},{\"@type\":\"WebSite\",\"@id\":\"https:\/\/cordisburgo.mg.gov.br\/legislacao\/#website\",\"url\":\"https:\/\/cordisburgo.mg.gov.br\/legislacao\/\",\"name\":\"Legisla\u00e7\u00e3o - Prefeitura Municipal de Cordisburgo\",\"description\":\"Portal Institucional da Prefeitura Municipal de Cordisburgo\",\"potentialAction\":[{\"@type\":\"SearchAction\",\"target\":{\"@type\":\"EntryPoint\",\"urlTemplate\":\"https:\/\/cordisburgo.mg.gov.br\/legislacao\/?s={search_term_string}\"},\"query-input\":{\"@type\":\"PropertyValueSpecification\",\"valueRequired\":true,\"valueName\":\"search_term_string\"}}],\"inLanguage\":\"pt-BR\"}]}<\/script>\n<!-- \/ Yoast SEO plugin. -->","yoast_head_json":{"title":"Legisla\u00e7\u00e3o - Prefeitura Municipal de Cordisburgo","description":"Publica\u00e7\u00f5es da legisla\u00e7\u00e3o municipal: Leis, Decretos, Portarias, Leis Complementares, Processos Seletivos, Processos Administrativos, entre outros.","robots":{"index":"index","follow":"follow","max-snippet":"max-snippet:-1","max-image-preview":"max-image-preview:large","max-video-preview":"max-video-preview:-1"},"canonical":"https:\/\/cordisburgo.mg.gov.br\/legislacao\/","og_locale":"pt_BR","og_type":"article","og_title":"Legisla\u00e7\u00e3o - Prefeitura Municipal de Cordisburgo","og_description":"Publica\u00e7\u00f5es da legisla\u00e7\u00e3o municipal: Leis, Decretos, Portarias, Leis Complementares, Processos Seletivos, Processos Administrativos, entre outros.","og_url":"https:\/\/cordisburgo.mg.gov.br\/legislacao\/","og_site_name":"Legisla\u00e7\u00e3o - Prefeitura Municipal de Cordisburgo","article_modified_time":"2020-11-04T13:29:38+00:00","twitter_card":"summary_large_image","schema":{"@context":"https:\/\/schema.org","@graph":[{"@type":"WebPage","@id":"https:\/\/cordisburgo.mg.gov.br\/legislacao\/","url":"https:\/\/cordisburgo.mg.gov.br\/legislacao\/","name":"Legisla\u00e7\u00e3o - Prefeitura Municipal de Cordisburgo","isPartOf":{"@id":"https:\/\/cordisburgo.mg.gov.br\/legislacao\/#website"},"datePublished":"2015-04-14T10:13:09+00:00","dateModified":"2020-11-04T13:29:38+00:00","description":"Publica\u00e7\u00f5es da legisla\u00e7\u00e3o municipal: Leis, Decretos, Portarias, Leis Complementares, Processos Seletivos, Processos Administrativos, entre outros.","breadcrumb":{"@id":"https:\/\/cordisburgo.mg.gov.br\/legislacao\/#breadcrumb"},"inLanguage":"pt-BR","potentialAction":[{"@type":"ReadAction","target":["https:\/\/cordisburgo.mg.gov.br\/legislacao\/"]}]},{"@type":"BreadcrumbList","@id":"https:\/\/cordisburgo.mg.gov.br\/legislacao\/#breadcrumb","itemListElement":[{"@type":"ListItem","position":1,"name":"In\u00edcio","item":"https:\/\/cordisburgo.mg.gov.br\/legislacao\/"},{"@type":"ListItem","position":2,"name":"In\u00edcio"}]},{"@type":"WebSite","@id":"https:\/\/cordisburgo.mg.gov.br\/legislacao\/#website","url":"https:\/\/cordisburgo.mg.gov.br\/legislacao\/","name":"Legisla\u00e7\u00e3o - Prefeitura Municipal de Cordisburgo","description":"Portal Institucional da Prefeitura Municipal de Cordisburgo","potentialAction":[{"@type":"SearchAction","target":{"@type":"EntryPoint","urlTemplate":"https:\/\/cordisburgo.mg.gov.br\/legislacao\/?s={search_term_string}"},"query-input":{"@type":"PropertyValueSpecification","valueRequired":true,"valueName":"search_term_string"}}],"inLanguage":"pt-BR"}]}},"_links":{"self":[{"href":"https:\/\/cordisburgo.mg.gov.br\/legislacao\/wp-json\/wp\/v2\/pages\/23844","targetHints":{"allow":["GET"]}}],"collection":[{"href":"https:\/\/cordisburgo.mg.gov.br\/legislacao\/wp-json\/wp\/v2\/pages"}],"about":[{"href":"https:\/\/cordisburgo.mg.gov.br\/legislacao\/wp-json\/wp\/v2\/types\/page"}],"author":[{"embeddable":true,"href":"https:\/\/cordisburgo.mg.gov.br\/legislacao\/wp-json\/wp\/v2\/users\/1"}],"replies":[{"embeddable":true,"href":"https:\/\/cordisburgo.mg.gov.br\/legislacao\/wp-json\/wp\/v2\/comments?post=23844"}],"version-history":[{"count":133,"href":"https:\/\/cordisburgo.mg.gov.br\/legislacao\/wp-json\/wp\/v2\/pages\/23844\/revisions"}],"predecessor-version":[{"id":25082,"href":"https:\/\/cordisburgo.mg.gov.br\/legislacao\/wp-json\/wp\/v2\/pages\/23844\/revisions\/25082"}],"wp:attachment":[{"href":"https:\/\/cordisburgo.mg.gov.br\/legislacao\/wp-json\/wp\/v2\/media?parent=23844"}],"curies":[{"name":"wp","href":"https:\/\/api.w.org\/{rel}","templated":true}]}}