{"id":23844,"date":"2015-04-14T10:13:09","date_gmt":"2015-04-14T10:13:09","guid":{"rendered":"http:\/\/xml-io.proteusthemes.com\/cargopress\/?page_id=6"},"modified":"2025-05-03T21:32:41","modified_gmt":"2025-05-04T00:32:41","slug":"inicio","status":"publish","type":"page","link":"https:\/\/cordisburgo.mg.gov.br\/esporte\/","title":{"rendered":"In\u00edcio"},"content":{"rendered":"<div id=\"pl-23844\"  class=\"panel-layout\" ><div id=\"pg-23844-0\"  class=\"panel-grid panel-no-style\" ><div id=\"pgc-23844-0-0\"  class=\"panel-grid-cell\" ><div id=\"panel-23844-0-0-0\" class=\"so-panel widget widget_text panel-first-child\" data-index=\"0\" >\t\t\t<div class=\"textwidget\"><\/div>\n\t\t<\/div><div id=\"panel-23844-0-0-1\" class=\"so-panel widget widget_black-studio-tinymce widget_black_studio_tinymce\" data-index=\"1\" ><div class=\"widget-title--big panel-widget-style panel-widget-style-for-23844-0-0-1\" ><div class=\"textwidget\"><p style=\"text-align: center;\"><img loading=\"lazy\" decoding=\"async\" class=\"aligncenter size-large wp-image-25221\" src=\"https:\/\/cordisburgo.mg.gov.br\/esporte\/wp-content\/uploads\/sites\/10\/2025\/05\/Campeonato-Futebol-A4-horizontal-1024x724.jpg\" alt=\"\" width=\"1024\" height=\"724\" srcset=\"https:\/\/cordisburgo.mg.gov.br\/esporte\/wp-content\/uploads\/sites\/10\/2025\/05\/Campeonato-Futebol-A4-horizontal-1024x724.jpg 1024w, https:\/\/cordisburgo.mg.gov.br\/esporte\/wp-content\/uploads\/sites\/10\/2025\/05\/Campeonato-Futebol-A4-horizontal-300x212.jpg 300w, https:\/\/cordisburgo.mg.gov.br\/esporte\/wp-content\/uploads\/sites\/10\/2025\/05\/Campeonato-Futebol-A4-horizontal-768x543.jpg 768w, https:\/\/cordisburgo.mg.gov.br\/esporte\/wp-content\/uploads\/sites\/10\/2025\/05\/Campeonato-Futebol-A4-horizontal-1536x1086.jpg 1536w, https:\/\/cordisburgo.mg.gov.br\/esporte\/wp-content\/uploads\/sites\/10\/2025\/05\/Campeonato-Futebol-A4-horizontal-128x90.jpg 128w, https:\/\/cordisburgo.mg.gov.br\/esporte\/wp-content\/uploads\/sites\/10\/2025\/05\/Campeonato-Futebol-A4-horizontal-32x23.jpg 32w, https:\/\/cordisburgo.mg.gov.br\/esporte\/wp-content\/uploads\/sites\/10\/2025\/05\/Campeonato-Futebol-A4-horizontal-270x190.jpg 270w, https:\/\/cordisburgo.mg.gov.br\/esporte\/wp-content\/uploads\/sites\/10\/2025\/05\/Campeonato-Futebol-A4-horizontal-100x70.jpg 100w, https:\/\/cordisburgo.mg.gov.br\/esporte\/wp-content\/uploads\/sites\/10\/2025\/05\/Campeonato-Futebol-A4-horizontal.jpg 2000w\" sizes=\"auto, (max-width: 1024px) 100vw, 1024px\" \/><\/p>\n<\/div><\/div><\/div><div id=\"panel-23844-0-0-2\" class=\"so-panel widget widget_black-studio-tinymce widget_black_studio_tinymce panel-last-child\" data-index=\"2\" ><div class=\"widget-title--big panel-widget-style panel-widget-style-for-23844-0-0-2\" ><div class=\"textwidget\"><p style=\"text-align: center;\"><img loading=\"lazy\" decoding=\"async\" class=\"aligncenter wp-image-25223 size-large\" src=\"https:\/\/cordisburgo.mg.gov.br\/esporte\/wp-content\/uploads\/sites\/10\/2025\/05\/Jogos-Campeonato-576x1024.jpg\" alt=\"\" width=\"576\" height=\"1024\" srcset=\"https:\/\/cordisburgo.mg.gov.br\/esporte\/wp-content\/uploads\/sites\/10\/2025\/05\/Jogos-Campeonato-576x1024.jpg 576w, https:\/\/cordisburgo.mg.gov.br\/esporte\/wp-content\/uploads\/sites\/10\/2025\/05\/Jogos-Campeonato-169x300.jpg 169w, https:\/\/cordisburgo.mg.gov.br\/esporte\/wp-content\/uploads\/sites\/10\/2025\/05\/Jogos-Campeonato-768x1365.jpg 768w, https:\/\/cordisburgo.mg.gov.br\/esporte\/wp-content\/uploads\/sites\/10\/2025\/05\/Jogos-Campeonato-864x1536.jpg 864w, https:\/\/cordisburgo.mg.gov.br\/esporte\/wp-content\/uploads\/sites\/10\/2025\/05\/Jogos-Campeonato-72x128.jpg 72w, https:\/\/cordisburgo.mg.gov.br\/esporte\/wp-content\/uploads\/sites\/10\/2025\/05\/Jogos-Campeonato-18x32.jpg 18w, https:\/\/cordisburgo.mg.gov.br\/esporte\/wp-content\/uploads\/sites\/10\/2025\/05\/Jogos-Campeonato.jpg 1080w\" sizes=\"auto, (max-width: 576px) 100vw, 576px\" \/><\/p>\n<\/div><\/div><\/div><\/div><\/div><div id=\"pg-23844-1\"  class=\"panel-grid panel-no-style\" ><div id=\"pgc-23844-1-0\"  class=\"panel-grid-cell\" ><div id=\"panel-23844-1-0-0\" class=\"so-panel widget widget_pw_icon_box widget-icon-box panel-first-child panel-last-child\" data-index=\"3\" >\n\n\t\t<a class=\"icon-box\" href=\"http:\/\/cordisburgo.mg.gov.br\/esporte\/category\/mexa-se\/\" target=\"_self\">\n\n\t\t<i class=\"fa  fa-music\"><\/i>\n\t\t<h4 class=\"icon-box__title\">PROGRAMA MEXA-SE<\/h4>\n\t\t<span class=\"icon-box__subtitle\">Aulas do Programa Mexa-Se<\/span>\n\n\t\t<\/a>\n\n<\/div><\/div><div id=\"pgc-23844-1-1\"  class=\"panel-grid-cell\" ><div id=\"panel-23844-1-1-0\" class=\"so-panel widget widget_pw_icon_box widget-icon-box panel-first-child panel-last-child\" data-index=\"4\" >\n\n\t\t<a class=\"icon-box\" href=\"http:\/\/cordisburgo.mg.gov.br\/esporte\/category\/escolinha\/\" target=\"_self\">\n\n\t\t<i class=\"fa  fa-futbol-o\"><\/i>\n\t\t<h4 class=\"icon-box__title\">ESCOLINHA EDUCA CORDIS<\/h4>\n\t\t<span class=\"icon-box__subtitle\">Escolinha de Futebol<\/span>\n\n\t\t<\/a>\n\n<\/div><\/div><div id=\"pgc-23844-1-2\"  class=\"panel-grid-cell\" ><div id=\"panel-23844-1-2-0\" class=\"so-panel widget widget_pw_icon_box widget-icon-box panel-first-child panel-last-child\" data-index=\"5\" >\n\n\t\t<a class=\"icon-box\" href=\"http:\/\/cordisburgo.mg.gov.br\/esporte\/category\/atividades\/\" target=\"_self\">\n\n\t\t<i class=\"fa  fa-bicycle\"><\/i>\n\t\t<h4 class=\"icon-box__title\">ATIVIDADES ESPORTIVAS<\/h4>\n\t\t<span class=\"icon-box__subtitle\">Desporto Municipal<\/span>\n\n\t\t<\/a>\n\n<\/div><\/div><\/div><\/div>","protected":false},"excerpt":{"rendered":"<p>PROGRAMA MEXA-SE Aulas do Programa Mexa-Se ESCOLINHA EDUCA CORDIS Escolinha de Futebol ATIVIDADES ESPORTIVAS Desporto Municipal<\/p>\n","protected":false},"author":1,"featured_media":0,"parent":0,"menu_order":0,"comment_status":"closed","ping_status":"open","template":"template-front-page-slider.php","meta":{"_acf_changed":false,"footnotes":""},"class_list":["post-23844","page","type-page","status-publish","hentry"],"acf":[],"yoast_head":"<!-- This site is optimized with the Yoast SEO plugin v27.1.1 - https:\/\/yoast.com\/product\/yoast-seo-wordpress\/ -->\n<title>Legisla\u00e7\u00e3o - Prefeitura Municipal de Cordisburgo<\/title>\n<meta name=\"description\" content=\"Publica\u00e7\u00f5es da legisla\u00e7\u00e3o municipal: Leis, Decretos, Portarias, Leis Complementares, Processos Seletivos, Processos Administrativos, entre outros.\" \/>\n<meta name=\"robots\" content=\"index, follow, max-snippet:-1, max-image-preview:large, max-video-preview:-1\" \/>\n<link rel=\"canonical\" href=\"https:\/\/cordisburgo.mg.gov.br\/esporte\/\" \/>\n<meta property=\"og:locale\" content=\"pt_BR\" \/>\n<meta property=\"og:type\" content=\"article\" \/>\n<meta property=\"og:title\" content=\"Legisla\u00e7\u00e3o - Prefeitura Municipal de Cordisburgo\" \/>\n<meta property=\"og:description\" content=\"Publica\u00e7\u00f5es da legisla\u00e7\u00e3o municipal: Leis, Decretos, Portarias, Leis Complementares, Processos Seletivos, Processos Administrativos, entre outros.\" \/>\n<meta property=\"og:url\" content=\"https:\/\/cordisburgo.mg.gov.br\/esporte\/\" \/>\n<meta property=\"og:site_name\" content=\"Departamento de Esporte e Lazer\" \/>\n<meta property=\"article:modified_time\" content=\"2025-05-04T00:32:41+00:00\" \/>\n<meta property=\"og:image\" content=\"https:\/\/cordisburgo.mg.gov.br\/esporte\/wp-content\/uploads\/sites\/10\/2025\/05\/Campeonato-Futebol-A4-horizontal.jpg\" \/>\n\t<meta property=\"og:image:width\" content=\"2000\" \/>\n\t<meta property=\"og:image:height\" content=\"1414\" \/>\n\t<meta property=\"og:image:type\" content=\"image\/jpeg\" \/>\n<meta name=\"twitter:card\" content=\"summary_large_image\" \/>\n<meta name=\"twitter:label1\" content=\"Est. tempo de leitura\" \/>\n\t<meta name=\"twitter:data1\" content=\"1 minuto\" \/>\n<script type=\"application\/ld+json\" class=\"yoast-schema-graph\">{\"@context\":\"https:\/\/schema.org\",\"@graph\":[{\"@type\":\"WebPage\",\"@id\":\"https:\/\/cordisburgo.mg.gov.br\/esporte\/\",\"url\":\"https:\/\/cordisburgo.mg.gov.br\/esporte\/\",\"name\":\"Legisla\u00e7\u00e3o - Prefeitura Municipal de Cordisburgo\",\"isPartOf\":{\"@id\":\"https:\/\/cordisburgo.mg.gov.br\/esporte\/#website\"},\"primaryImageOfPage\":{\"@id\":\"https:\/\/cordisburgo.mg.gov.br\/esporte\/#primaryimage\"},\"image\":{\"@id\":\"https:\/\/cordisburgo.mg.gov.br\/esporte\/#primaryimage\"},\"thumbnailUrl\":\"https:\/\/cordisburgo.mg.gov.br\/esporte\/wp-content\/uploads\/sites\/10\/2025\/05\/Campeonato-Futebol-A4-horizontal-1024x724.jpg\",\"datePublished\":\"2015-04-14T10:13:09+00:00\",\"dateModified\":\"2025-05-04T00:32:41+00:00\",\"description\":\"Publica\u00e7\u00f5es da legisla\u00e7\u00e3o municipal: Leis, Decretos, Portarias, Leis Complementares, Processos Seletivos, Processos Administrativos, entre outros.\",\"breadcrumb\":{\"@id\":\"https:\/\/cordisburgo.mg.gov.br\/esporte\/#breadcrumb\"},\"inLanguage\":\"pt-BR\",\"potentialAction\":[{\"@type\":\"ReadAction\",\"target\":[\"https:\/\/cordisburgo.mg.gov.br\/esporte\/\"]}]},{\"@type\":\"ImageObject\",\"inLanguage\":\"pt-BR\",\"@id\":\"https:\/\/cordisburgo.mg.gov.br\/esporte\/#primaryimage\",\"url\":\"https:\/\/cordisburgo.mg.gov.br\/esporte\/wp-content\/uploads\/sites\/10\/2025\/05\/Campeonato-Futebol-A4-horizontal.jpg\",\"contentUrl\":\"https:\/\/cordisburgo.mg.gov.br\/esporte\/wp-content\/uploads\/sites\/10\/2025\/05\/Campeonato-Futebol-A4-horizontal.jpg\",\"width\":2000,\"height\":1414},{\"@type\":\"BreadcrumbList\",\"@id\":\"https:\/\/cordisburgo.mg.gov.br\/esporte\/#breadcrumb\",\"itemListElement\":[{\"@type\":\"ListItem\",\"position\":1,\"name\":\"In\u00edcio\",\"item\":\"https:\/\/cordisburgo.mg.gov.br\/esporte\/\"},{\"@type\":\"ListItem\",\"position\":2,\"name\":\"In\u00edcio\"}]},{\"@type\":\"WebSite\",\"@id\":\"https:\/\/cordisburgo.mg.gov.br\/esporte\/#website\",\"url\":\"https:\/\/cordisburgo.mg.gov.br\/esporte\/\",\"name\":\"Departamento de Esporte e Lazer\",\"description\":\"Portal Institucional da Prefeitura Municipal de Cordisburgo\",\"potentialAction\":[{\"@type\":\"SearchAction\",\"target\":{\"@type\":\"EntryPoint\",\"urlTemplate\":\"https:\/\/cordisburgo.mg.gov.br\/esporte\/?s={search_term_string}\"},\"query-input\":{\"@type\":\"PropertyValueSpecification\",\"valueRequired\":true,\"valueName\":\"search_term_string\"}}],\"inLanguage\":\"pt-BR\"}]}<\/script>\n<!-- \/ Yoast SEO plugin. -->","yoast_head_json":{"title":"Legisla\u00e7\u00e3o - Prefeitura Municipal de Cordisburgo","description":"Publica\u00e7\u00f5es da legisla\u00e7\u00e3o municipal: Leis, Decretos, Portarias, Leis Complementares, Processos Seletivos, Processos Administrativos, entre outros.","robots":{"index":"index","follow":"follow","max-snippet":"max-snippet:-1","max-image-preview":"max-image-preview:large","max-video-preview":"max-video-preview:-1"},"canonical":"https:\/\/cordisburgo.mg.gov.br\/esporte\/","og_locale":"pt_BR","og_type":"article","og_title":"Legisla\u00e7\u00e3o - Prefeitura Municipal de Cordisburgo","og_description":"Publica\u00e7\u00f5es da legisla\u00e7\u00e3o municipal: Leis, Decretos, Portarias, Leis Complementares, Processos Seletivos, Processos Administrativos, entre outros.","og_url":"https:\/\/cordisburgo.mg.gov.br\/esporte\/","og_site_name":"Departamento de Esporte e Lazer","article_modified_time":"2025-05-04T00:32:41+00:00","og_image":[{"width":2000,"height":1414,"url":"https:\/\/cordisburgo.mg.gov.br\/esporte\/wp-content\/uploads\/sites\/10\/2025\/05\/Campeonato-Futebol-A4-horizontal.jpg","type":"image\/jpeg"}],"twitter_card":"summary_large_image","twitter_misc":{"Est. tempo de leitura":"1 minuto"},"schema":{"@context":"https:\/\/schema.org","@graph":[{"@type":"WebPage","@id":"https:\/\/cordisburgo.mg.gov.br\/esporte\/","url":"https:\/\/cordisburgo.mg.gov.br\/esporte\/","name":"Legisla\u00e7\u00e3o - Prefeitura Municipal de Cordisburgo","isPartOf":{"@id":"https:\/\/cordisburgo.mg.gov.br\/esporte\/#website"},"primaryImageOfPage":{"@id":"https:\/\/cordisburgo.mg.gov.br\/esporte\/#primaryimage"},"image":{"@id":"https:\/\/cordisburgo.mg.gov.br\/esporte\/#primaryimage"},"thumbnailUrl":"https:\/\/cordisburgo.mg.gov.br\/esporte\/wp-content\/uploads\/sites\/10\/2025\/05\/Campeonato-Futebol-A4-horizontal-1024x724.jpg","datePublished":"2015-04-14T10:13:09+00:00","dateModified":"2025-05-04T00:32:41+00:00","description":"Publica\u00e7\u00f5es da legisla\u00e7\u00e3o municipal: Leis, Decretos, Portarias, Leis Complementares, Processos Seletivos, Processos Administrativos, entre outros.","breadcrumb":{"@id":"https:\/\/cordisburgo.mg.gov.br\/esporte\/#breadcrumb"},"inLanguage":"pt-BR","potentialAction":[{"@type":"ReadAction","target":["https:\/\/cordisburgo.mg.gov.br\/esporte\/"]}]},{"@type":"ImageObject","inLanguage":"pt-BR","@id":"https:\/\/cordisburgo.mg.gov.br\/esporte\/#primaryimage","url":"https:\/\/cordisburgo.mg.gov.br\/esporte\/wp-content\/uploads\/sites\/10\/2025\/05\/Campeonato-Futebol-A4-horizontal.jpg","contentUrl":"https:\/\/cordisburgo.mg.gov.br\/esporte\/wp-content\/uploads\/sites\/10\/2025\/05\/Campeonato-Futebol-A4-horizontal.jpg","width":2000,"height":1414},{"@type":"BreadcrumbList","@id":"https:\/\/cordisburgo.mg.gov.br\/esporte\/#breadcrumb","itemListElement":[{"@type":"ListItem","position":1,"name":"In\u00edcio","item":"https:\/\/cordisburgo.mg.gov.br\/esporte\/"},{"@type":"ListItem","position":2,"name":"In\u00edcio"}]},{"@type":"WebSite","@id":"https:\/\/cordisburgo.mg.gov.br\/esporte\/#website","url":"https:\/\/cordisburgo.mg.gov.br\/esporte\/","name":"Departamento de Esporte e Lazer","description":"Portal Institucional da Prefeitura Municipal de Cordisburgo","potentialAction":[{"@type":"SearchAction","target":{"@type":"EntryPoint","urlTemplate":"https:\/\/cordisburgo.mg.gov.br\/esporte\/?s={search_term_string}"},"query-input":{"@type":"PropertyValueSpecification","valueRequired":true,"valueName":"search_term_string"}}],"inLanguage":"pt-BR"}]}},"_links":{"self":[{"href":"https:\/\/cordisburgo.mg.gov.br\/esporte\/wp-json\/wp\/v2\/pages\/23844","targetHints":{"allow":["GET"]}}],"collection":[{"href":"https:\/\/cordisburgo.mg.gov.br\/esporte\/wp-json\/wp\/v2\/pages"}],"about":[{"href":"https:\/\/cordisburgo.mg.gov.br\/esporte\/wp-json\/wp\/v2\/types\/page"}],"author":[{"embeddable":true,"href":"https:\/\/cordisburgo.mg.gov.br\/esporte\/wp-json\/wp\/v2\/users\/1"}],"replies":[{"embeddable":true,"href":"https:\/\/cordisburgo.mg.gov.br\/esporte\/wp-json\/wp\/v2\/comments?post=23844"}],"version-history":[{"count":149,"href":"https:\/\/cordisburgo.mg.gov.br\/esporte\/wp-json\/wp\/v2\/pages\/23844\/revisions"}],"predecessor-version":[{"id":25224,"href":"https:\/\/cordisburgo.mg.gov.br\/esporte\/wp-json\/wp\/v2\/pages\/23844\/revisions\/25224"}],"wp:attachment":[{"href":"https:\/\/cordisburgo.mg.gov.br\/esporte\/wp-json\/wp\/v2\/media?parent=23844"}],"curies":[{"name":"wp","href":"https:\/\/api.w.org\/{rel}","templated":true}]}}